
List the prime factors of 2844.
2, 3, 79
What are the prime factors of 1035?
3, 5, 23
What are the prime factors of 7350?
2, 3, 5, 7
List the prime factors of 11815.
5, 17, 139
List the prime factors of 1072.
2, 67
What are the prime factors of 1947?
3, 11, 59
List the prime factors of 2309.
2309
List the prime factors of 2268.
2, 3, 7
List the prime factors of 2002.
2, 7, 11, 13
List the prime factors of 20146.
2, 7, 1439
List the prime factors of 137262.
2, 3, 22877
List the prime factors of 705.
3, 5, 47
What are the prime factors of 5621?
7, 11, 73
List the prime factors of 3553.
11, 17, 19
List the prime factors of 13832.
2, 7, 13, 19
List the prime factors of 1038.
2, 3, 173
List the prime factors of 17192.
2, 7, 307
List the prime factors of 91043.
181, 503
What are the prime factors of 47733?
3, 7, 2273
What are the prime factors of 12879?
3, 53
List the prime factors of 2064.
2, 3, 43
List the prime factors of 6396.
2, 3, 13, 41
What are the prime factors of 10351?
11, 941
What are the prime factors of 436?
2, 109
List the prime factors of 246.
2, 3, 41
What are the prime factors of 99380?
2, 5, 4969
List the prime factors of 9991.
97, 103
List the prime factors of 84.
2, 3, 7
List the prime factors of 2220.
2, 3, 5, 37
List the prime factors of 105137.
105137
What are the prime factors of 50259?
3, 11, 1523
List the prime factors of 2948.
2, 11, 67
List the prime factors of 1288.
2, 7, 23
List the prime factors of 79741.
23, 3467
List the prime factors of 1149.
3, 383
List the prime factors of 878.
2, 439
List the prime factors of 1880.
2, 5, 47
What are the prime factors of 27506?
2, 17, 809
List the prime factors of 1475.
5, 59
What are the prime factors of 76082?
2, 109, 349
List the prime factors of 21277.
21277
List the prime factors of 7863.
3, 2621
List the prime factors of 13671.
3, 7, 31
What are the prime factors of 765?
3, 5, 17
List the prime factors of 5671.
53, 107
What are the prime factors of 821?
821
What are the prime factors of 11839?
11839
List the prime factors of 1123.
1123
List the prime factors of 33744.
2, 3, 19, 37
List the prime factors of 523.
523
List the prime factors of 15850.
2, 5, 317
List the prime factors of 3228.
2, 3, 269
What are the prime factors of 5316?
2, 3, 443
What are the prime factors of 7669?
7669
List the prime factors of 3621.
3, 17, 71
What are the prime factors of 25698?
2, 3, 4283
What are the prime factors of 2153?
2153
What are the prime factors of 1906?
2, 953
List the prime factors of 6763.
6763
What are the prime factors of 2832?
2, 3, 59
What are the prime factors of 14918?
2, 7459
List the prime factors of 2026.
2, 1013
What are the prime factors of 1609?
1609
What are the prime factors of 697?
17, 41
List the prime factors of 140.
2, 5, 7
List the prime factors of 512.
2
List the prime factors of 20833.
83, 251
What are the prime factors of 11878?
2, 5939
List the prime factors of 35286.
2, 3, 5881
List the prime factors of 69063.
3, 23021
What are the prime factors of 664?
2, 83
What are the prime factors of 1876?
2, 7, 67
What are the prime factors of 10574?
2, 17, 311
What are the prime factors of 434?
2, 7, 31
What are the prime factors of 62?
2, 31
List the prime factors of 2922.
2, 3, 487
List the prime factors of 7707.
3, 7, 367
What are the prime factors of 6141?
3, 23, 89
What are the prime factors of 24770?
2, 5, 2477
List the prime factors of 463.
463
List the prime factors of 2484.
2, 3, 23
List the prime factors of 15335.
5, 3067
List the prime factors of 34797.
3, 7, 1657
What are the prime factors of 875?
5, 7
What are the prime factors of 964?
2, 241
List the prime factors of 2403.
3, 89
List the prime factors of 12433.
12433
What are the prime factors of 2001?
3, 23, 29
What are the prime factors of 605?
5, 11
List the prime factors of 595.
5, 7, 17
List the prime factors of 2621.
2621
List the prime factors of 26.
2, 13
List the prime factors of 57098.
2, 28549
What are the prime factors of 1123?
1123
What are the prime factors of 5167?
5167
What are the prime factors of 3848?
2, 13, 37
What are the prime factors of 37932?
2, 3, 29, 109
What are the prime factors of 179?
179
List the prime factors of 34815.
3, 5, 11, 211
List the prime factors of 89126.
2, 44563
List the prime factors of 3266.
2, 23, 71
What are the prime factors of 198?
2, 3, 11
What are the prime factors of 8220?
2, 3, 5, 137
List the prime factors of 1358.
2, 7, 97
What are the prime factors of 60207?
3, 7, 47, 61
List the prime factors of 476.
2, 7, 17
List the prime factors of 3596.
2, 29, 31
What are the prime factors of 23069?
17, 23, 59
List the prime factors of 129726.
2, 3, 7207
List the prime factors of 834.
2, 3, 139
List the prime factors of 55170.
2, 3, 5, 613
What are the prime factors of 5133?
3, 29, 59
What are the prime factors of 955?
5, 191
List the prime factors of 9291.
3, 19, 163
List the prime factors of 18794.
2, 9397
What are the prime factors of 3251?
3251
List the prime factors of 3652.
2, 11, 83
List the prime factors of 61896.
2, 3, 2579
What are the prime factors of 94983?
3, 7, 4523
List the prime factors of 2118.
2, 3, 353
List the prime factors of 881.
881
What are the prime factors of 991?
991
List the prime factors of 14673.
3, 67, 73
What are the prime factors of 56013?
3, 18671
List the prime factors of 1419.
3, 11, 43
What are the prime factors of 480?
2, 3, 5
What are the prime factors of 25743?
3, 8581
List the prime factors of 1534.
2, 13, 59
List the prime factors of 1209.
3, 13, 31
What are the prime factors of 2350?
2, 5, 47
List the prime factors of 3.
3
What are the prime factors of 90966?
2, 3, 15161
List the prime factors of 29820.
2, 3, 5, 7, 71
List the prime factors of 1239.
3, 7, 59
What are the prime factors of 6745?
5, 19, 71
What are the prime factors of 2981?
11, 271
What are the prime factors of 47690?
2, 5, 19, 251
List the prime factors of 1934.
2, 967
What are the prime factors of 571?
571
What are the prime factors of 61399?
13, 4723
List the prime factors of 1529.
11, 139
What are the prime factors of 1282?
2, 641
What are the prime factors of 1468?
2, 367
List the prime factors of 122369.
13, 9413
List the prime factors of 980.
2, 5, 7
List the prime factors of 819.
3, 7, 13
What are the prime factors of 24776?
2, 19, 163
List the prime factors of 58111.
58111
List the prime factors of 6863.
6863
List the prime factors of 811.
811
List the prime factors of 23969.
11, 2179
What are the prime factors of 748?
2, 11, 17
List the prime factors of 1809.
3, 67
What are the prime factors of 3532?
2, 883
What are the prime factors of 532?
2, 7, 19
What are the prime factors of 4582?
2, 29, 79
What are the prime factors of 11591?
67, 173
List the prime factors of 39966.
2, 3, 6661
What are the prime factors of 347?
347
List the prime factors of 4146.
2, 3, 691
List the prime factors of 34332.
2, 3, 2861
What are the prime factors of 187554?
2, 3, 31259
List the prime factors of 113182.
2, 56591
What are the prime factors of 57353?
83, 691
What are the prime factors of 672?
2, 3, 7
What are the prime factors of 46737?
3, 577
List the prime factors of 5824.
2, 7, 13
List the prime factors of 1798.
2, 29, 31
What are the prime factors of 6905?
5, 1381
List the prime factors of 1069.
1069
What are the prime factors of 676?
2, 13
What are the prime factors of 5032?
2, 17, 37
List the prime factors of 53970.
2, 3, 5, 7, 257
What are the prime factors of 18218?
2, 9109
What are the prime factors of 80199?
3, 7, 19, 67
List the prime factors of 23054.
2, 11527
List the prime factors of 2747.
41, 67
What are the prime factors of 906?
2, 3, 151
What are the prime factors of 1898?
2, 13, 73
What are the prime factors of 28140?
2, 3, 5, 7, 67
List the prime factors of 41797.
7, 853
What are the prime factors of 9769?
9769
List the prime factors of 25639.
25639
List the prime factors of 21941.
37, 593
List the prime factors of 2144.
2, 67
List the prime factors of 564.
2, 3, 47
List the prime factors of 1151.
1151
List the prime factors of 4365.
3, 5, 97
What are the prime factors of 62045?
5, 12409
What are the prime factors of 70874?
2, 35437
List the prime factors of 2789.
2789
List the prime factors of 2064.
2, 3, 43
List the prime factors 